{"id":149,"date":"2022-02-08T10:57:51","date_gmt":"2022-02-08T10:57:51","guid":{"rendered":"http:\/\/zvomat.hr\/?page_id=149"},"modified":"2026-04-30T05:26:46","modified_gmt":"2026-04-30T05:26:46","slug":"studentska-menza","status":"publish","type":"page","link":"https:\/\/zvomat.hr\/?page_id=149","title":{"rendered":""},"content":{"rendered":"\n<p>OD 01.10,2025. GODINE ZA PREHRANU ZAPOSLENIKA U STUDENTSKOJ MENZI PRIMJENJIVATI \u0106E SE UVE\u0106ANE CIJENE OBROKA SHODNO NOVOM ANEKSU UGOVORA. CIJENE \u0106E BITI UVE\u0106ANE ZA 20%<\/p>\n\n\n\n<p>PO\u0160TOVANI, DANA 30.04.2026. ( \u010cETVRTAK ) RESTORAN I CAFFE BAR <\/p>\n\n\n\n<p>\u0106E RADITI OD 08:00 DO 15:00 SATI<\/p>\n\n\n\n<p class=\"has-huge-font-size\">\u010cETVRTAK  30.04.2026.<\/p>\n\n\n\n<p>Juha od raj\u010dice<\/p>\n\n\n\n<h3>Menu 1 <\/h3>\n\n\n\n<ul><li>Varivo grah<\/li><li>Kranjska kobasica<\/li><li>Kompot<\/li><li>Salata svje\u017ei kupus<\/li><li>Kruh x 3<\/li><li>3.00 eur\/ 5,00 eur<\/li><\/ul>\n\n\n\n<p><\/p>\n\n\n\n<h2>  3.00 eur<\/h2>\n\n\n\n<h3 id=\"block-430df215-c3b4-42b9-b39b-bd80f3617a40\">Menu 2 <\/h3>\n\n\n\n<p>Panirani pile\u0107i ri\u017eoto<\/p>\n\n\n\n<p>Pire krumpir i \u0161pinat na mlijeku<\/p>\n\n\n\n<p><\/p>\n\n\n\n<p><\/p>\n\n\n\n<p><\/p>\n\n\n\n<p><\/p>\n\n\n\n<p><\/p>\n\n\n\n<p>Kompot<\/p>\n\n\n\n<p><\/p>\n\n\n\n<p><\/p>\n\n\n\n<p><\/p>\n\n\n\n<p><\/p>\n\n\n\n<p><\/p>\n\n\n\n<p><\/p>\n\n\n\n<p><\/p>\n\n\n\n<p><\/p>\n\n\n\n<p><\/p>\n\n\n\n<p><\/p>\n\n\n\n<p><\/p>\n\n\n\n<p>Salata svje\u017ei kupus<\/p>\n\n\n\n<p>Kruh 3x<\/p>\n\n\n\n<p><\/p>\n\n\n\n<p>3,00 eur\/ 5,00eur<\/p>\n\n\n\n<p class=\"has-large-font-size\">Menu 3<\/p>\n\n\n\n<p>Svinjski ri\u017eoto<\/p>\n\n\n\n<p><\/p>\n\n\n\n<p><\/p>\n\n\n\n<p><\/p>\n\n\n\n<p>Kompot<\/p>\n\n\n\n<p>Salata svje\u017ei kupus<\/p>\n\n\n\n<p><\/p>\n\n\n\n<p><\/p>\n\n\n\n<p><\/p>\n\n\n\n<p><\/p>\n\n\n\n<p><\/p>\n\n\n\n<p><\/p>\n\n\n\n<p><\/p>\n\n\n\n<p>Kruh x 3<\/p>\n\n\n\n<p>  3,00 eur\/ 5,00 eur<\/p>\n\n\n\n<div class=\"wp-block-columns\">\n<div class=\"wp-block-column\" style=\"flex-basis:100%\">\n<p>Menu 4<\/p>\n\n\n\n<p><\/p>\n\n\n\n<p><\/p>\n\n\n\n<p><\/p>\n\n\n\n<p>3,00 eur\/5,00 eur<\/p>\n\n\n\n<p><\/p>\n\n\n\n<p><\/p>\n\n\n\n<p><\/p>\n\n\n\n<p><\/p>\n\n\n\n<p><\/p>\n\n\n\n<p><\/p>\n\n\n\n<p><\/p>\n\n\n\n<p><\/p>\n\n\n\n<p><\/p>\n\n\n\n<p><\/p>\n\n\n\n<p><\/p>\n\n\n\n<p><\/p>\n\n\n\n<p><\/p>\n\n\n\n<p><\/p>\n\n\n\n<p><\/p>\n\n\n\n<p><\/p>\n\n\n\n<p><\/p>\n\n\n\n<p><\/p>\n\n\n\n<p><\/p>\n\n\n\n<p><\/p>\n\n\n\n<p><\/p>\n\n\n\n<p><\/p>\n\n\n\n<p><\/p>\n\n\n\n<p><\/p>\n\n\n\n<p><\/p>\n\n\n\n<p><\/p>\n\n\n\n<p><\/p>\n\n\n\n<p><\/p>\n\n\n\n<p><\/p>\n\n\n\n<p><\/p>\n\n\n\n<p><\/p>\n\n\n\n<p><\/p>\n\n\n\n<p><\/p>\n\n\n\n<p><\/p>\n\n\n\n<p><\/p>\n\n\n\n<p><\/p>\n<\/div>\n<\/div>\n\n\n\n<h3 id=\"block-430df215-c3b4-42b9-b39b-bd80f3617a40\">VEGETARIJANSKI MENU ( , )<\/h3>\n\n\n\n<div class=\"wp-block-group\"><div class=\"wp-block-group__inner-container\">\n<div class=\"wp-block-group\"><div class=\"wp-block-group__inner-container\">\n<h2><\/h2>\n<\/div><\/div>\n\n\n\n<div class=\"wp-block-group\"><div class=\"wp-block-group__inner-container\"><\/div><\/div>\n<\/div><\/div>\n\n\n\n<div class=\"wp-block-group\"><div class=\"wp-block-group__inner-container\">\n<ul><li>Tortelini u umaku od raj\u010dice<\/li><li><\/li><li>Kompot<\/li><li>Salata svje\u017ei kupus<\/li><li>Kruh<\/li><li>3,00 eur \/ 5,00 eur<\/li><\/ul>\n<\/div><\/div>\n\n\n\n<p><\/p>\n\n\n\n<h3 id=\"block-430df215-c3b4-42b9-b39b-bd80f3617a40\">Jela Po Izboru<\/h3>\n\n\n\n<ul><li>Naravni odrezak<\/li><li>Pile\u0107i file<\/li><li>\u0110uve\u010d<\/li><li>Pomfrit<\/li><li>Tjestenina <\/li><li>Cvjeta\u010da s mrvicama<\/li><li><\/li><\/ul>\n\n\n\n<p><\/p>\n","protected":false},"excerpt":{"rendered":"<p>OD 01.10,2025. GODINE ZA PREHRANU ZAPOSLENIKA U STUDENTSKOJ MENZI PRIMJENJIVATI \u0106E SE UVE\u0106ANE CIJENE OBROKA SHODNO NOVOM ANEKSU UGOVORA. CIJENE \u0106E BITI UVE\u0106ANE ZA 20% PO\u0160TOVANI, DANA 30.04.2026. ( \u010cETVRTAK ) RESTORAN I CAFFE BAR \u0106E RADITI OD 08:00 DO 15:00 SATI \u010cETVRTAK 30.04.2026. Juha od raj\u010dice Menu 1 Varivo grah Kranjska kobasica Kompot Salata [&hellip;]<\/p>\n","protected":false},"author":1,"featured_media":0,"parent":0,"menu_order":0,"comment_status":"closed","ping_status":"closed","template":"","meta":[],"_links":{"self":[{"href":"https:\/\/zvomat.hr\/index.php?rest_route=\/wp\/v2\/pages\/149"}],"collection":[{"href":"https:\/\/zvomat.hr\/index.php?rest_route=\/wp\/v2\/pages"}],"about":[{"href":"https:\/\/zvomat.hr\/index.php?rest_route=\/wp\/v2\/types\/page"}],"author":[{"embeddable":true,"href":"https:\/\/zvomat.hr\/index.php?rest_route=\/wp\/v2\/users\/1"}],"replies":[{"embeddable":true,"href":"https:\/\/zvomat.hr\/index.php?rest_route=%2Fwp%2Fv2%2Fcomments&post=149"}],"version-history":[{"count":757,"href":"https:\/\/zvomat.hr\/index.php?rest_route=\/wp\/v2\/pages\/149\/revisions"}],"predecessor-version":[{"id":1616,"href":"https:\/\/zvomat.hr\/index.php?rest_route=\/wp\/v2\/pages\/149\/revisions\/1616"}],"wp:attachment":[{"href":"https:\/\/zvomat.hr\/index.php?rest_route=%2Fwp%2Fv2%2Fmedia&parent=149"}],"curies":[{"name":"wp","href":"https:\/\/api.w.org\/{rel}","templated":true}]}}